{"id":66,"date":"2010-08-27T14:50:43","date_gmt":"2010-08-27T12:50:43","guid":{"rendered":"http:\/\/berta-online.org\/?page_id=66"},"modified":"2010-08-29T17:27:23","modified_gmt":"2010-08-29T15:27:23","slug":"redebeitrag-der-berliner-tierrechts-aktion","status":"publish","type":"page","link":"https:\/\/berta-online.org\/?page_id=66","title":{"rendered":"Redebeitrag der Berliner-Tierbefreiungs-Aktion"},"content":{"rendered":"<div>\n<h2>Redebeitrag der Berliner-Tierrechts-Aktion<\/h2>\n<h3>Zur Demonstration gegen die Messe \u201eReiten, Jagen, Fischen\u201c, M\u00e4rz 2008.<\/h3>\n<p><em> Am 15. M\u00e4rz 2008 veranstaltete ein B\u00fcndnis von Antispeziesist_innen aus  Th\u00fcringen eine Demonstration in Erfurt gegen die vom 14. \u2013 16. M\u00e4rz  stattfindende Messe \u201eReiten, Jagen, Fischen\u201c. Die Demo an der sich  zwischen 130 und 180 Menschen beteiligten, f\u00fchrte durch die Erfurter  Innenstadt zum Messegel\u00e4nde. Aktivist_innen der  Berliner-Tierrechts-Aktion (BerTA) inszenierten vor Ort ein  Streitgespr\u00e4ch zwischen einem J\u00e4ger und einem Jagdgegner, um die  Absurdit\u00e4t der Argumentation f\u00fcr die Jagd den anwesenden  Demonstrant_innen und den zahlreichen vorbeilaufenden  Messebesucher_innen zu verdeutlichen. Eingeleitet wurde der Redebeitrag  der etwas anderen Art durch die Ank\u00fcndigung, dass es tats\u00e4chlich  gelungen sei, einen J\u00e4ger dazu zu bewegen, sich am Lautspr\u00e4cherwagen den  Argumenten der Jagdgegner_innen zu stellen: <\/em><\/p>\n<p><strong>Der J\u00e4ger: Machen wir&#8217;s kurz, ich wei\u00df gar nicht, was das soll! H\u00f6rt  mir doch auf mit so dummen, sinnlosen Utopien! Die Menschheit hat schon  immer gejagt und wird das auch weiterhin tun, ob&#8217;s euch passt oder  nicht!<\/strong><\/p>\n<p>Ein Tierbefreier: Ach ja, die ganze gro\u00dfe Menschheit. So\u00b4n Bl\u00f6dsinn.  Vielleicht ist dir mal aufgefallen, dass es von deiner Sorte in  Deutschland nur ein paar hundert Tausend gibt. Der Rest verbringt sein  Wochenende nicht damit auf Tiere zu ballern, um sich dann die dicksten  Geweihe ins Wohnzimmer zu h\u00e4ngen. Und \u00fcberhaupt, was is\u00b4n das bitte  f\u00fcr\u00b4n Argument, \u201enur weil\u2019s was immer schon gab, muss es auch so  bleiben\u201c. Es hat ja schon immer auch irgendwelche Idioten gegeben, die  Andere f\u00fcr sich ham in den Krieg ziehen lassen, dass hei\u00dft noch lange  nicht, dass wir uns damit abfinden m\u00fcssen und ebenso wenig mit so dir!<\/p>\n<p><strong> Immer sch\u00f6n auf den J\u00e4gern rumhacken, die f\u00fcr euch die Drecksarbeit  machen, das k\u00f6nnt ihr gut! Und wer bitte soll die Wildbest\u00e4nde  regulieren, wo hier bei uns fast alle Raubtiere ausgerottet sind? Seid  doch mal realistisch! Der Mensch hat seit Jahrtausenden in den Kreislauf  der Natur eingegriffen, das ist irreversibel. Ohne Jagd k\u00f6nnte der  Mensch nicht mehr so leben, wie er es heute tut. Die Welt w\u00e4re  \u00fcberbev\u00f6lkert von wilden Tieren, die sich \u00fcber das Erntegut hermachen  und St\u00e4dte verw\u00fcsten w\u00fcrden. Da muss man doch was machen!<\/strong><\/p>\n<p>Na gut da muss ich dir recht geben (kurze Pause) War nur nen Scherz &#8230;  das ist n\u00e4mlich genauso bl\u00f6dsinnig wie der Quatsch den du vorher erz\u00e4hlt  hast. Haste vielleicht mal was geh\u00f6rt von so jagdfreien Gebieten &#8211; ich  wei\u00df das ist f\u00fcr dich vorzustellen &#8211; aber die gibt\u2019s wirklich z.B. in  der Schweiz oder in Italien, da wartet niemand auf seiner Jagdkanzel um  dem n\u00e4chstbesten Tier r\u00fccklinks den Gar auszumachen. Und wei\u00dfte wieso,  weil in so `nem Wald immer nur Platz und Essen f\u00fcr ne bestimmte Anzahl  von Tieren ist, mehr geht nicht. Nur ihr setzt da Futterkrippen neben  eure Hochsitze, damit sich die Tierbest\u00e4nde sonst wie stark erh\u00f6hen, um  dann im Herbst wieder rumzuheulen:  \u201eDie Best\u00e4nde in unserem Wald sind  so hoch! Wir m\u00fcssen da mal mit ner Horde Bewaffneter rein, um das wieder  ins Lot zu bringen\u201c Das ist doch alles ausgemachter Humbug, und auch  wenn\u2019s das eine Reh mehr oder weniger g\u00e4be, w\u00fcrde die Welt nicht gleich  untergehen. Dann fressen die halt mal ne Kartoffel und dann wird halt  eine weniger weggeschmissen. So sieht`s aus.<\/p>\n<p><strong> Das sind doch alles Halbwahrheiten! Wir J\u00e4ger, wir schie\u00dfen ja vor  allem die kranken Tiere und sorgen so f\u00fcr einen schmerzfreien Tod. Und  ich will euch mal sehen, was ihr sagen w\u00fcrdet, w\u00fcrden wir aufh\u00f6ren zu  jagen und die W\u00e4lder w\u00e4ren voll von tollw\u00fctigen, bandwurmverseuchten  F\u00fcchsen. Habt ihr \u00fcberhaupt eine Ahnung, wie gef\u00e4hrlich das ist? Wir  sind es doch, die euch am Ende vor all den Krankheiten bewahren!<\/strong><\/p>\n<p>Uhuhhhu die Tollwut, ich kriegs gleich mit der Angst zu tun. Ist dir mal  so ganz nebenbei aufgefallen, dass Tollwut fast nur J\u00e4ger kriegen und  wei\u00dfte wieso, weil `nen normaler Mensch der im Wald und am Waldrand  herumschlendert `nen Fuchs, wenn \u00fcberhaupt, aus\u00b4n paar Meter Entfernung  sieht. Du degegen knallst ihn ab, damit er die nicht die Hasen  wegschnappt, die du selber erschie\u00dfen willst. Aber damit nicht genug du  schleppst ihn mit dir rum, schneidest die Eingeweide heraus und was  sonst noch. Niemand au\u00dfer euch J\u00e4gern hat so \u00b4nen Kontakt dass er sich  mit so Krankheiten anstecken kann und komm mir jetzt nicht mit deinen  bl\u00f6den Ausnahmen, die gibt\u2019s n\u00e4mlich immer. Und dann noch eins: wer ist  es denn, der die Verbreitung von Bandwurm und Tollwut erst verbreitet,  h\u00e4. Ja richtig, ihr schie\u00dfw\u00fctigen Nulpen. Indem ihr einzelne F\u00fcchse oder  auch ganze Familien erschie\u00dft, macht ihr deren Reviere frei, andere  F\u00fcchse denken sich dann na gut da is\u00b4 es vielleicht besser und wandern  dann da hin, wieder Andere wandern aus den gleichen Gr\u00fcnden in deren  vormalige Reviere und so geht das auch st\u00e4ndig weiter, und so  Krankheiten wie Bandwurm und Tollwut verbreiten sich erst richtig!<\/p>\n<p><strong> Ja aber denkt doch mal nach! Wir sind gar nicht so weit von einander  entfernt. Wir lieben die Tiere doch auch \u00fcber alles. Und Jagd ist eben  eine \u00f6kologische Form der Fleischerzeugung und somit eine tolle  Alternative zur Massentierhaltung &#8211; und das ist ja wohl auch in eurem  Sinne, oder etwa nicht?<\/strong><\/p>\n<p>Mir ist es ehrlich gesagt herzlich egal ob Tiere im Wald oder im  Schlachthof get\u00f6tet werden, damit ihr Fleisch dann auf meinem Teller  liegt. Das geht immer gegen ihre Interessen, das ist immer schmerzhaft,  verstehste. Und was soll das denn f\u00fcr eine Liebe sein, die mit `ner  Gewehrkugel endet? Oder nimmste das Sprichwort \u201eLiebe geht durch den  Magen\u201c f\u00fcr voll?<\/p>\n<p><strong>Aber wir J\u00e4ger t\u00f6ten ja nicht nur, wir sorgen uns doch auch um den  Wald, pflanzen Jungb\u00e4ume, legen kleine Teiche an, zudem k\u00fcmmern wir uns  doch auch um den Bau von Futterkrippen und Nistpl\u00e4tzen. Ohne uns w\u00fcrden  die meisten Tiere unweigerlich sterben! Na? Ich denke, euch liegt so  viel an den Tieren?<\/strong><\/p>\n<p>Ach was, vorhin hatteste noch Angst, die Tiere w\u00fcrden sich auf \u201eunseren  \u00c4ckern\u201c und in \u201eunseren St\u00e4dten\u201c breit machen und jetzt spielste dich  hier auf, als h\u00e4ttste den Tierschutzorden verdient. Merkste nicht, dass  deine Argumente nur vorgeschoben sind, um dem Rest der Leute  vorzugaukeln, ihr w\u00fcrden ihnen und den Tieren `nen gefallen tun. F\u00fcr wen  legt ihr denn Futterkrippen an? Doch nicht f\u00fcr alle Tiere, sondern nur  die ihr im Herbst dann erschie\u00dfen wollt, zum Beispiel Rehe oder  Wildschweine. Und nat\u00fcrlich liegt mir viel an Tieren, schlie\u00dflich haben  die `nen Interesse ihr Leben nicht vor eurer Flinte zu beenden und  deswegen komm ich auch immer wieder um dir das Gesch\u00e4ft zu vermiesen.  Und wenn ein Tier alt ist oder nichts zu fressen findet und dann stirbt,  ist mir das immer noch lieber, als dass du dich aufschwingst und nach  Lust und Laune entscheidest wer es verdient hat weiterzuleben und wer  nicht!<\/p>\n<p><strong> Hin oder her, mir reichts! Bei der Jagd passiert alles waidgerecht,  jedes Tier bekommt seine faire Chance. So wie in der Natur. Und der L\u00f6we  jagt ja bekanntlich auch, das ist also mehr als nat\u00fcrlich &#8211; oder wollt  ihr dem L\u00f6wen jetzt auch das Jagen verbieten?<\/strong><\/p>\n<p>So wie in der Natur. So wie in der Natur. Was meinsten hat dein  10-Liter-Gel\u00e4ndewagen, den du neben deinen Hochsitz parkst mit Natur zu  tun oder dein G-P-S. Und was soll der ganze Quatsch mit \u201ewaidgerecht\u201c,  das hei\u00dft doch nicht anderes das ihr euch selbst erlaubt, wen ihr wann,  wie und wo schie\u00dfen d\u00fcrft. Ne faire Chance wer\u00b4s \u00fcbrigens wenn die  F\u00fcchse, Rehe oder Wildschweine auch ne Kanone h\u00e4tten und du um dein  Leben rennen m\u00fcsstest. So l\u00e4ufts aber eben nicht, du kannst dich immer  noch daf\u00fcr entscheiden, nicht jagen zu gehen und dann w\u00fcrdest du weder  verhungern, noch sonst irgend ne Einschr\u00e4nkung erfahren. Das sieht beim  L\u00f6wen halt ganz anders aus &#8230;<\/p>\n<p><strong> Sagt mal, habt ihr nichts Besseres zu tun als sinnlos m\u00fchsam  aufgebaute Existenzen zu zerst\u00f6ren? Geht mal lieber was Ordentliches  arbeiten!<\/strong><\/p>\n<p>Wenn deine Existenz darin besteht andere umzubringen, dann ist das mehr  als peinlich. Und was wir arbeiten und ob wir \u00fcberhaupt arbeiten, kann  dir doch herzlich egal sein, wir werden sowieso immer wiederkommen und  euch auf den Nerv gehen, das kannste wissen. Und wenn hier jemand sich  Gedanken ums arbeiten gehen machen muss, dann doch wohl eher du. Wie ich  vorhin am Stra\u00dfenrand gesehen hab, kam da wohl wieder jemand mit ner  S\u00e4ge und hat deine Hochsitze zu Brennholz verarbeitet!<\/p>\n<p><strong> Ach nicht schon wieder &#8230;<\/strong><\/p>\n<\/div>\n","protected":false},"excerpt":{"rendered":"<p>Redebeitrag der Berliner-Tierrechts-Aktion Zur Demonstration gegen die Messe \u201eReiten, Jagen, Fischen\u201c, M\u00e4rz 2008. Am 15. M\u00e4rz 2008 veranstaltete ein B\u00fcndnis von Antispeziesist_innen aus Th\u00fcringen eine Demonstration in Erfurt gegen die vom 14. \u2013 16. M\u00e4rz stattfindende Messe \u201eReiten, Jagen, Fischen\u201c. &hellip; <a href=\"https:\/\/berta-online.org\/?page_id=66\">Weiterlesen <span class=\"meta-nav\">&rarr;<\/span><\/a><\/p>\n","protected":false},"author":10,"featured_media":0,"parent":16,"menu_order":0,"comment_status":"closed","ping_status":"closed","template":"","meta":{"footnotes":""},"class_list":["post-66","page","type-page","status-publish","hentry"],"_links":{"self":[{"href":"https:\/\/berta-online.org\/index.php?rest_route=\/wp\/v2\/pages\/66","targetHints":{"allow":["GET"]}}],"collection":[{"href":"https:\/\/berta-online.org\/index.php?rest_route=\/wp\/v2\/pages"}],"about":[{"href":"https:\/\/berta-online.org\/index.php?rest_route=\/wp\/v2\/types\/page"}],"author":[{"embeddable":true,"href":"https:\/\/berta-online.org\/index.php?rest_route=\/wp\/v2\/users\/10"}],"replies":[{"embeddable":true,"href":"https:\/\/berta-online.org\/index.php?rest_route=%2Fwp%2Fv2%2Fcomments&post=66"}],"version-history":[{"count":3,"href":"https:\/\/berta-online.org\/index.php?rest_route=\/wp\/v2\/pages\/66\/revisions"}],"predecessor-version":[{"id":108,"href":"https:\/\/berta-online.org\/index.php?rest_route=\/wp\/v2\/pages\/66\/revisions\/108"}],"up":[{"embeddable":true,"href":"https:\/\/berta-online.org\/index.php?rest_route=\/wp\/v2\/pages\/16"}],"wp:attachment":[{"href":"https:\/\/berta-online.org\/index.php?rest_route=%2Fwp%2Fv2%2Fmedia&parent=66"}],"curies":[{"name":"wp","href":"https:\/\/api.w.org\/{rel}","templated":true}]}}